e
Is 22751795573 a composite number?
True
Is 134069339 composite?
True
Is 1875364457 a prime number?
True
Is 21288445403 prime?
False
Is 1557214163 a prime number?
True
Is 20161650409 composite?
False
Is 73745634563 a composite number?
False
Is 72069347131 a composite number?
False
Is 10847666047 a composite number?
True
Is 31504207507 prime?
False
Is 1312914989 prime?
True
Is 4021039433 prime?
True
Is 26690272199 composite?
False
Is 21147148973 a composite number?
False
Is 1117013129 a composite number?
True
Is 5204536034 prime?
False
Is 5169378307 composite?
True
Is 1146438893 a prime number?
True
Is 36869064061 a composite number?
False
Is 1345030163 prime?
True
Is 5294241661 composite?
False
Is 10778386774 a prime number?
False
Is 8943840687 a composite number?
True
Is 17159635873 prime?
True
Is 3329950693 prime?
True
Is 33690142007 composite?
False
Is 105393488209 prime?
True
Is 122804946037 a composite number?
True
Is 22168259833 a composite number?
True
Is 194266503589 composite?
True
Is 80660452801 prime?
False
Is 746826517 prime?
True
Is 1736584579 prime?
True
Is 1303959571 a composite number?
False
Is 1486388249 a composite number?
True
Is 1483781909 prime?
False
Is 16349231471 a composite number?
True
Is 2814494 prime?
False
Is 574726237 a prime number?
True
Is 48275628463 prime?
False
Is 276356137 a composite number?
True
Is 4254304543 composite?
False
Is 5783579 composite?
False
Is 27725871263 a prime number?
True
Is 7527454843 a composite number?
False
Is 15283239527 composite?
False
Is 392480447 prime?
False
Is 979880729 composite?
True
Is 9311275969 composite?
False
Is 2189009162 a prime number?
False
Is 32015139619 a prime number?
False
Is 38846293699 composite?
False
Is 4016311349 prime?
False
Is 712593881 prime?
False
Is 4851349621 a prime number?
True
Is 10240516261 a prime number?
True
Is 46053029 composite?
True
Is 4470900067 composite?
False
Is 50106353833 a prime number?
False
Is 3665925077 a prime number?
True
Is 779072293 prime?
True
Is 3325716473 a prime number?
False
Is 1954484017 a composite number?
False
Is 1448757377 composite?
True
Is 2202653293 a composite number?
False
Is 25631892287 a composite number?
False
Is 14578915357 composite?
False
Is 362520707 composite?
True
Is 1599245633 composite?
False
Is 779740883 a prime number?
False
Is 715265119 composite?
True
Is 22817600851 a composite number?
True
Is 2628700603 composite?
True
Is 646814143 a composite number?
False
Is 3454487549 a composite number?
False
Is 192477497 composite?
True
Is 336599855 a prime number?
False
Is 278381303 a prime number?
False
Is 152970809 prime?
False
Is 2109556879 prime?
True
Is 569049787 a prime number?
True
Is 3523835479 a prime number?
True
Is 3257263463 composite?
False
Is 2149973887 a composite number?
False
Is 133283231503 composite?
True
Is 7352352299 prime?
True
Is 3918752561 prime?
True
Is 2637504791 prime?
True
Is 835890511 a composite number?
False
Is 456771787 composite?
False
Is 31760946811 prime?
False
Is 97231747 composite?
False
Is 134582331878 prime?
False
Is 55899977 composite?
True
Is 2777790326 a prime number?
False
Is 18120047797 a prime number?
True
Is 1626121391 prime?
False
Is 141849473 composite?
False
Is 2298754609 composite?
False
Is 50164074659 prime?
True
Is 4320610557 composite?
True
Is 12776243279 composite?
True
Is 627238231 a composite number?
True
Is 5325659429 composite?
False
Is 13144139297 a composite number?
True
Is 131798700651 a composite number?
True
Is 29251354441 a composite number?
False
Is 10449569671 prime?
False
Is 66963351667 a composite number?
False
Is 935696603 a composite number?
True
Is 8760977711 a composite number?
False
Is 7507095023 a prime number?
True
Is 293475211 prime?
True
Is 191536330555 prime?
False
Is 6491442547 a prime number?
False
Is 23560404961 composite?
False
Is 5414097077 a prime number?
True
Is 3933936911 a prime number?
False
Is 71926512563 composite?
True
Is 23586314611 composite?
False
Is 4097676659 a prime number?
False
Is 1611748297 a prime number?
True
Is 1726805467 prime?
False
Is 1223652341 prime?
True
Is 2365403207 a composite number?
True
Is 121628935 a prime number?
False
Is 7224633809 prime?
True
Is 55115495173 composite?
False
Is 4806783463 composite?
False
Is 388886749 composite?
False
Is 1531101399 composite?
True
Is 17568976129 composite?
True
Is 6039910493 composite?
False
Is 2146998283 a composite number?
True
Is 11441263853 a prime number?
False
Is 969913883 prime?
True
Is 509135051 prime?
True
Is 1346381941 a prime number?
False
Is 81027493 prime?
True
Is 5418980841 composite?
True
Is 151901657 a composite number?
True
Is 23890066177 composite?
True
Is 89246075899 a prime number?
True
Is 38399652881 composite?
True
Is 1005087131 composite?
True
Is 2123930173 composite?
True
Is 994187683 a composite number?
False
Is 24291745189 a composite number?
True
Is 21120701731 a composite number?
False
Is 33692440867 composite?
True
Is 5488538941 a composite number?
False
Is 301062395 a composite number?
True
Is 29598926447 prime?
True
Is 73252351 a composite number?
True
Is 25953749 a composite number?
False
Is 30599477 prime?
False
Is 1212129007 composite?
True
Is 2099531981 a prime number?
True
Is 6780145937 a composite number?
False
Is 2928904441 a prime number?
True
Is 28747754869 composite?
False
Is 464926629 prime?
False
Is 899357999 a composite number?
False
Is 26423698117 a composite number?
False
Is 3916851149 a composite number?
True
Is 20366975017 composite?
True
Is 2243844929 prime?
True
Is 225001363 a prime number?
False
Is 166669807501 prime?
False
Is 5829273257 prime?
False
Is 8713567993 prime?
False
Is 2102095093 prime?
False
Is 4874030701 composite?
False
Is 15162259561 a prime number?
False
Is 14210867967 a prime number?
False
Is 20346551471 a composite number?
False
Is 3667757909 a composite number?
False
Is 40377404171 a prime number?
False
Is 460299143 a composite number?
False
Is 1182339839 a composite number?
True
Is 47943657973 a composite number?
True
Is 536293099 a prime number?
True
Is 2825607989 a prime number?
False
Is 43903225711 a composite number?
True
Is 137750671 prime?
True
Is 228049344623 composite?
True
Is 211764259 a composite number?
True
Is 23412252706 a prime number?
False
Is 133540194019 a composite number?
False
Is 872173273 a prime number?
True
Is 74087630819 prime?
False
Is 31251301 composite?
True
Is 299754877 a prime number?
True
Is 1034405327 composite?
False
Is 3782988613 a composite number?
True
Is 4439793971 composite?
False
Is 4196304517 a prime number?
True
Is 455161709 prime?
True
Is 3015754129 a prime number?
False
Is 796361647 prime?
False
Is 163981151 a prime number?
False
Is 56660522921 prime?
False
Is 2806857177 prime?
False
Is 377281596997 composite?
True
Is 6237576589 composite?
False
Is 7334238427 a composite number?
True
Is 1886446061 prime?
True
Is 34704775619 prime?
True
Is 908860657 a prime number?
True
Is 1119945349 prime?
False
Is 3210841373 composite?
False
Is 2647556803 prime?
False
Is 644569021 a composite number?
False
Is 51449561 a composite number?
False
Is 722557907 a prime number?
True
Is 1426267049 prime?
True
Is 7336560887 a composite number?
False
Is 3308077697 prime?
True
Is 1744992757 a composite number?
False
Is 12709589821 a prime number?
False
Is 47939847587 composite?
True
Is 75605505563 a prime number?
False
Is 59402722103 composite?
False
Is 1743795569 a composite number?
False
Is 1184209319 composite?
False
Is 69967643959 a composite number?
False
Is 19201470787 a composite number?
True
Is 44764352123 composite?
True
Is 1038335387 prime?
False
Is 517673891 composite?
True
Is 2112264991 a prime number?
False
Is 85635900367 composite?
False
Is 8366432905 composite?
True
Is 214353711074 prime?
False
Is 727354951 prime?
False
Is 186259529 a prime number?
True
Is 14461932491 a composite number?
False
Is 46224803 a prime number?
False
Is 113067749 composite?
False
Is 27242513429 prime?
True
Is 8941808221 composite?
False
Is 2043685297 a composite number?
True
Is 111100666745 composite?
True
Is 4631365763 composite?
False
Is 9057726793 composite?
False
Is 41558521 a composite number?
True
Is 15879812029 a composite number?
False
Is 2377199723 prime?
True
Is 838947